the remainder when 219 is divided by u.
6
Suppose 309 = 4*j - 95. Calculate the remainder when j is divided by -39*(-3 - (-21)/9).
23
Suppose -4*h + 5*d - 91 = -423, -d = 3*h - 249. Let r = 320 + -277. Calculate the remainder when h is divided by r.
40
Let w(c) = 5*c**2 - 2*c + 1. Let u be w(2). What is the remainder when 69 is divided by -3*(u + -1)*12/(-24)?
21
Let v be (180/24)/(2/(-4)). What is the remainder when 28 is divided by 4 + 3/(-1) - v?
12
Let q(j) = 33*j**2 + 17*j - 4. Let t(y) = -16*y**2 - 8*y + 2. Let m(p) = -4*q(p) - 9*t(p). Calculate the remainder when m(1) is divided by 7.
0
Let m(y) = 2*y**2 + 62*y - 15. What is the remainder when m(-33) is divided by 59?
58
Let q(g) = -g**2 + 61*g + 427. What is the remainder when (2/3)/((-1)/(-183)) is divided by q(-6)?
22
Let b(g) = -14*g + 667. What is the remainder when 406 is divided by b(44)?
49
Calculate the remainder when 109 is divided by (-220)/(-14) + (5 - (-330)/(-70)).
13
Suppose 2*b = 7*b - 45. Suppose -b*q + 327 = -6*q. Calculate the remainder when q is divided by 28.
25
What is the remainder when ((-48)/9)/(6/(-405)) is divided by 19?
18
Suppose 3*y - 55 = 3*a - 7, -36 = -2*y + 3*a. Suppose -24*o = 4*o - 14*o - 658. What is the remainder when o is divided by y?
11
Suppose -3*m + 5*m - 100 = 0. Suppose 0 = 5*p - 85 - m. Calculate the remainder when p is divided by 6.
3
Let u = 1794 - 1773. Let z(h) = 5*h - 5. Let n(y) = -11*y + 11. Let f(l) = 3*n(l) + 7*z(l). What is the remainder when u is divided by f(7)?
9
Suppose 2*s - 635 = -499. What is the remainder when 402 is divided by s?
62
Suppose 36 = 10*w + 216. What is the remainder when 60*(-12)/w - -4 is divided by 14?
2
Suppose -62*w = -40*w - 2904. Calculate the remainder when w is divided by 3.
0
Let t = -246 + 300. Calculate the remainder when t is divided by 31.
23
Let s(q) = -q**3 - 50*q**2 - 97*q - 44. Suppose -z - 2 + 12 = 0. What is the remainder when z is divided by s(-48)?
2
Suppose 0 = -24*v + 9*v + 4905. What is the remainder when v is divided by 3?
0
Suppose 96 = 4*q + 2*y, 2*q - 19 = q - 3*y. Suppose -5*f = c - 5, 5*f - q = -4*c - c. What is the remainder when 8 is divided by c?
3
Let v = 191 - 126. What is the remainder when 254 is divided by v?
59
Let z = -27 + 31. Suppose j - 5*n - 35 = -4*j, -5*n = z*j - 64. What is the remainder when j is divided by 7?
4
Let u = 75 - 59. What is the remainder when 61 is divided by u?
13
Suppose b - 9 = 5. Let l be ((-38)/(-4))/(5/10). Suppose -i + l = -19. What is the remainder when i is divided by b?
10
Let b = 772 + -754. What is the remainder when 58 is divided by b?
4
Suppose 0*o + 226 = -2*o. Let u = 176 + o. Let f = 30 + -17. Calculate the remainder when u is divided by f.
11
Suppose -32*i + 22*i = -210. What is the remainder when 30 is divided by i?
9
Let f = -38 + 19. Let u = 34 + f. Calculate the remainder when u is divided by 3.
0
Suppose -5*x - 12 = -32. Suppose x*g - 2*j - j = 7, j + 11 = -3*g. Let v(a) = 7*a**2 - 2*a - 2. Calculate the remainder when v(g) is divided by 11.
8
Let n be (104/(-130))/((-4)/10). Suppose u = -5*k + 28, k - 21 = -2*u - n*k. Let b = 4 - -7. What is the remainder when b is divided by u?
2
Suppose 5*x - 27 = -y, -3*y + 43 = -y - x. Let n be (-25 + -1)*(-11)/y. Let h = -5 + n. What is the remainder when 31 is divided by h?
7
Suppose 0 = 2*p + 6, 5*i + 4 + 0 = 2*p. What is the remainder when 1/(-2) - 165/i - 1 is divided by 14?
11
Let j be 15 + (1 - 16/4). Let q = j + 5. Let y = 19 + -10. What is the remainder when q is divided by y?
8
Suppose 4*k + 0*k - 332 = 0. Let u(g) = -13*g - 25. Calculate the remainder when k is divided by u(-3).
13
Suppose -3*p - 2*p + 90 = 0. Suppose 4 - 174 = -5*v. What is the remainder when v is divided by p?
16
Let b(p) = -p**3 + 7*p**2 + p - 5. Let g be b(7). Suppose 0*l - g*l = -26. Let o = 35 - l. What is the remainder when o is divided by 12?
10
Let y be ((-10)/10)/(1/(-4)). Suppose 6 = -2*f + 3*p + 22, 0 = -p - y. Suppose f*i - 24 = 94. Calculate the remainder when i is divided by 30.
29
Suppose 15*n - 36 = 12*n - 5*o, 4*n - 59 = -3*o. What is the remainder when (-9)/(-3)*(-96)/(-9) is divided by n?
15
Suppose -5*j + 5*d = 5, -2*j + 0*j - 5*d = -19. Let c be 103*4/(-20)*-5. Suppose -j*u + c = 1. Calculate the remainder when u is divided by 13.
12
Suppose 3*g - h - 40 = -305, 3*g + 250 = 4*h. Let q = -78 - g. What is the remainder when 67 is divided by q?
7
Let w = -2561 + 2677. Calculate the remainder when 341 is divided by w.
109
Suppose -37*q - 17*q + 972 = 0. Calculate the remainder when 1043 is divided by q.
17
What is the remainder when 237 is divided by ((-64)/10)/((-8)/20)?
13
Let c = -5492 + 5567. Suppose 3*u - 2*t = 76, 5*u - 3*u - 54 = -2*t. What is the remainder when c is divided by u?
23
Let a(s) = 11*s + 72. Calculate the remainder when 63 is divided by a(-5).
12
Let f(a) = -2*a - 4. Let h(d) be the second derivative of d**3/3 - d**2/2 - 6*d. What is the remainder when f(-4) is divided by h(2)?
1
Let m(b) = 7*b**2 + 3*b - 2. Let l(y) = y - 2. Let k be l(2). Suppose -2*q - 8 = 0, -a + k*q + 2*q + 103 = 0. What is the remainder when a is divided by m(2)?
31
Let l(y) = -8. Let t(m) = m. Let o(j) = -l(j) - t(j). Calculate the remainder when 20 is divided by o(-4).
8
Let w = 19 - 7. Let a = 48 - w. What is the remainder when a is divided by (-39)/(-2) - (-4)/8?
16
Suppose -4*q + 5*q - 3 = 0. Suppose 72 = 5*z - 3*z. Suppose 0 = -q*p - 0*p + z. What is the remainder when p is divided by 5?
2
Suppose -5*i + 4*r - 22 = 0, 3*i - 6 + 0 = -4*r. Calculate the remainder when ((-93)/i)/((-3)/(-4)) is divided by 22.
18
What is the remainder when (-6)/11 + 8106/462 is divided by 11?
6
Suppose 282*r = 299*r - 561. Let w(l) = 3*l**2 - 3*l + 3. Let q(i) = i**2 - 5*i + 2. Let m be q(5). Calculate the remainder when r is divided by w(m).
6
Suppose 2*g = 868 - 858. Calculate the remainder when 158 is divided by g.
3
Let a = 996 + -677. What is the remainder when a is divided by 7?
4
Let z(d) = -d**3 - 4*d**2 - d - 2. Let o be z(-4). Suppose o*b = -3*b. Suppose 3*i = -b*i + 126. What is the remainder when i is divided by 22?
20
Let w(q) = q**3 + q**2 - 2*q + 9. Let d be w(0). Suppose 14*l - d*l - 85 = 0. What is the remainder when l is divided by (2/(-4))/(2/(-16))?
1
Let h = -36 + 38. Calculate the remainder when (-1 + h/(-6))/((-2)/60) is divided by 11.
7
Suppose 0 = -8*w + 235 + 21. Calculate the remainder when w is divided by 32.
0
Suppose 6 = q + 8, 0 = 5*o - 4*q - 218. Suppose -4*g + 3 = -3*g, -4*g - o = -3*l. What is the remainder when 57 is divided by l?
3
Let t(p) = -p**2 + 36*p - 30. Calculate the remainder when t(24) is divided by 65.
63
Let v = 223 + -152. Suppose 11*g - 93 = 105. Calculate the remainder when v is divided by g.
17
Suppose 0 = -4*x + 7*x + 21. Let r = 9 + x. Calculate the remainder when 10 is divided by r*(-1 - -2)*2.
2
Suppose 4*z = 444 + 1392. What is the remainder when z is divided by 93?
87
Let x(a) = -2*a + 26. What is the remainder when 91 is divided by x(-12)?
41
Let v(x) = -5*x + 9. What is the remainder when v(-3) is divided by 10 + -4 - 6 - 14/(-1)?
10
Suppose -3*o - a + 70 = 0, o = -3*a + 24 - 6. Calculate the remainder when o is divided by 6.
0
Suppose -2*j - 3*j = 4*p - 11, 4*p = 2*j + 46. Suppose z + 5*t + 5 = -p, -2*z + 17 = -5*t. Calculate the remainder when 6 is divided by z.
0
Suppose 1461*d = 1449*d + 552. Calculate the remainder when 551 is divided by d.
45
Let n = 921 - 917. Suppose 2*m + m - 6 = 0. What is the remainder when n is divided by m?
0
Let q = 20 + -1. What is the remainder when 50 is divided by q?
12
Let t be (-22)/10 - 44/55. Let u(s) = 2*s**2 + 6*s + 6. Let n(v) = v**2 + 3*v - 17. Calculate the remainder when n(-7) is divided by u(t).
5
Let m(f) = f**3 - 10*f**2 + 13*f - 11. Suppose 36 = -0*t + 4*t. What is the remainder when 97 is divided by m(t)?
22
Let i(t) = t**3 - 2*t**2 - 4*t - 5. Let y(a) = -a**3 + 7*a**2 - 6*a + 3. Let m be y(6). What is the remainder when i(5) is divided by m*23/3 - -3?
24
Calculate the remainder when 160 is divided by (-3 - (-22 + -6))*(0 + 2).
10
Let s(k) = 7*k - 58 + 31 + 24. Let n = -2 - -5. What is the remainder when s(n) is divided by 7?
4
Let t be 21/(-18) + 2/12. Let r be 4 + -7 + 17 + t. Let w = -11 + r. Calculat